{"id":349,"date":"2018-08-18T20:52:07","date_gmt":"2018-08-18T20:52:07","guid":{"rendered":"http:\/\/kpsnowadeba.pl\/?page_id=349"},"modified":"2025-09-09T15:34:34","modified_gmt":"2025-09-09T13:34:34","slug":"start","status":"publish","type":"page","link":"https:\/\/kpsnowadeba.pl\/index.php\/start\/","title":{"rendered":"Wspieram KPS"},"content":{"rendered":"<!-- widget pogoda -->\r\n<div>Je\u017celi chc\u0105 Pa\u0144stwo wspom\u00f3c finansowo nasze dzia\u0142ania i zawodniczki trenuj\u0105ce pi\u0142k\u0119 siatkow\u0105 mo\u017cna dokona\u0107 przelewu lub wp\u0142aty na konto Klubu Pi\u0142ki Siatkowej:<\/div>\r\n<div>\u00a0<\/div>\r\n<div style=\"text-align: center;\"><strong>Bank BNP Paribas SA Oddzia\u0142 w Tarnobrzegu : <\/strong><\/div>\r\n<div style=\"text-align: center;\"><strong>konto nr 81 2030 0045 1110 0000 0413 6570<\/strong><\/div>\r\n<div>\u00a0<\/div>\r\n<div>W tytule przelewu nale\u017cy wpisa\u0107: <strong>Darowizna na cele statutowe.\u00a0<\/strong><\/div>\r\n<div>\u00a0<\/div>\r\n<div>Kwot\u0119 t\u0119 mo\u017cna odliczy\u0107 od dochodu w rozliczeniu za dany rok kalendarzowy. Gwarantujemy, \u017ce ca\u0142a kwota zostanie skierowana do zawodniczek. Uposa\u017cenia trener\u00f3w finansujemy tylko i wy\u0142\u0105cznie z konkurs\u00f3w i projekt\u00f3w og\u0142aszanych przez w\u0142adze lokalne lub ministerstwa.\u00a0<\/div>\r\n<div>Jako Organizacja Po\u017cytku Publicznego jeste\u015bmy zobowi\u0105zani ustaw\u0105 do corocznego publikowania swoich sprawozda\u0144 finansowych i merytorycznych za po\u015brednictwem portalu\u00a0Narodowego Instytutu Wolno\u015bci.\u00a0<\/div>\r\n<div>\u00a0<\/div>\r\n<div style=\"text-align: center;\"><span style=\"color: #339966;\"><strong>W imieniu naszych zawodniczek &#8211; dzi\u0119kujemy!<\/strong><\/span><\/div>\r\n<div>\u00a0<\/div>\r\n<div>Dla u\u0142atwienia mo\u017cesz zeskanowa\u0107 aplikacj\u0105 bankow\u0105 kod QR o wybranej warto\u015bci i tylko potwierdzi\u0107 wykonanie przelewu.<\/div>\r\n<div>\u00a0<\/div>\r\n<div><span style=\"color: #339966;\"><strong>Darowizna 100,00 z\u0142<\/strong><\/span><\/div>\r\n<div><img data-recalc-dims=\"1\" decoding=\"async\" data-attachment-id=\"3480\" data-permalink=\"https:\/\/kpsnowadeba.pl\/index.php\/start\/qr-code-darowizna-100\/\" data-orig-file=\"https:\/\/i0.wp.com\/kpsnowadeba.pl\/wp-content\/uploads\/2025\/09\/qr-code-darowizna-100-.png?fit=180%2C180&amp;ssl=1\" data-orig-size=\"180,180\" data-comments-opened=\"1\" data-image-meta=\"{&quot;aperture&quot;:&quot;0&quot;,&quot;credit&quot;:&quot;&quot;,&quot;camera&quot;:&quot;&quot;,&quot;caption&quot;:&quot;&quot;,&quot;created_timestamp&quot;:&quot;0&quot;,&quot;copyright&quot;:&quot;&quot;,&quot;focal_length&quot;:&quot;0&quot;,&quot;iso&quot;:&quot;0&quot;,&quot;shutter_speed&quot;:&quot;0&quot;,&quot;title&quot;:&quot;&quot;,&quot;orientation&quot;:&quot;0&quot;}\" data-image-title=\"qr-code darowizna 100\" data-image-description=\"\" data-image-caption=\"\" data-medium-file=\"https:\/\/i0.wp.com\/kpsnowadeba.pl\/wp-content\/uploads\/2025\/09\/qr-code-darowizna-100-.png?fit=180%2C180&amp;ssl=1\" data-large-file=\"https:\/\/i0.wp.com\/kpsnowadeba.pl\/wp-content\/uploads\/2025\/09\/qr-code-darowizna-100-.png?fit=180%2C180&amp;ssl=1\" class=\"alignnone size-full wp-image-3480\" src=\"https:\/\/i0.wp.com\/kpsnowadeba.pl\/wp-content\/uploads\/2025\/09\/qr-code-darowizna-100-.png?resize=180%2C180&#038;ssl=1\" alt=\"\" width=\"180\" height=\"180\" srcset=\"https:\/\/i0.wp.com\/kpsnowadeba.pl\/wp-content\/uploads\/2025\/09\/qr-code-darowizna-100-.png?w=180&amp;ssl=1 180w, https:\/\/i0.wp.com\/kpsnowadeba.pl\/wp-content\/uploads\/2025\/09\/qr-code-darowizna-100-.png?resize=150%2C150&amp;ssl=1 150w\" sizes=\"(max-width: 180px) 100vw, 180px\" \/><\/div>\r\n<!-- widget pogoda -->","protected":false},"excerpt":{"rendered":"<p>Je\u017celi chc\u0105 Pa\u0144stwo wspom\u00f3c finansowo nasze dzia\u0142ania i zawodniczki trenuj\u0105ce pi\u0142k\u0119 siatkow\u0105 mo\u017cna dokona\u0107 przelewu lub wp\u0142aty na konto Klubu Pi\u0142ki Siatkowej: \u00a0 Bank BNP Paribas SA Oddzia\u0142 w Tarnobrzegu : konto nr 81 2030 0045 1110 0000 0413 6570 &hellip; <a href=\"https:\/\/kpsnowadeba.pl\/index.php\/start\/\">Czytaj dalej <span class=\"meta-nav\">&rarr;<\/span><\/a><\/p>\n","protected":false},"author":1,"featured_media":0,"parent":0,"menu_order":0,"comment_status":"closed","ping_status":"closed","template":"","meta":{"jetpack_post_was_ever_published":false,"_mc_calendar":[],"footnotes":""},"class_list":["post-349","page","type-page","status-publish","hentry"],"yoast_head":"<!-- This site is optimized with the Yoast SEO plugin v26.2 - https:\/\/yoast.com\/wordpress\/plugins\/seo\/ -->\n<title>Wspieram KPS - &quot;Siatk\u00f3wka mieszka w Nowej D\u0119bie &quot;<\/title>\n<meta name=\"robots\" content=\"index, follow, max-snippet:-1, max-image-preview:large, max-video-preview:-1\" \/>\n<link rel=\"canonical\" href=\"https:\/\/kpsnowadeba.pl\/index.php\/start\/\" \/>\n<meta property=\"og:locale\" content=\"pl_PL\" \/>\n<meta property=\"og:type\" content=\"article\" \/>\n<meta property=\"og:title\" content=\"Wspieram KPS - &quot;Siatk\u00f3wka mieszka w Nowej D\u0119bie &quot;\" \/>\n<meta property=\"og:description\" content=\"Je\u017celi chc\u0105 Pa\u0144stwo wspom\u00f3c finansowo nasze dzia\u0142ania i zawodniczki trenuj\u0105ce pi\u0142k\u0119 siatkow\u0105 mo\u017cna dokona\u0107 przelewu lub wp\u0142aty na konto Klubu Pi\u0142ki Siatkowej: \u00a0 Bank BNP Paribas SA Oddzia\u0142 w Tarnobrzegu : konto nr 81 2030 0045 1110 0000 0413 6570 &hellip; Czytaj dalej &rarr;\" \/>\n<meta property=\"og:url\" content=\"https:\/\/kpsnowadeba.pl\/index.php\/start\/\" \/>\n<meta property=\"og:site_name\" content=\"&quot;Siatk\u00f3wka mieszka w Nowej D\u0119bie &quot;\" \/>\n<meta property=\"article:modified_time\" content=\"2025-09-09T13:34:34+00:00\" \/>\n<meta property=\"og:image\" content=\"https:\/\/kpsnowadeba.pl\/wp-content\/uploads\/2025\/09\/qr-code-darowizna-100-.png\" \/>\n<meta name=\"twitter:card\" content=\"summary_large_image\" \/>\n<meta name=\"twitter:label1\" content=\"Szacowany czas czytania\" \/>\n\t<meta name=\"twitter:data1\" content=\"1 minuta\" \/>\n<script type=\"application\/ld+json\" class=\"yoast-schema-graph\">{\"@context\":\"https:\/\/schema.org\",\"@graph\":[{\"@type\":\"WebPage\",\"@id\":\"https:\/\/kpsnowadeba.pl\/index.php\/start\/\",\"url\":\"https:\/\/kpsnowadeba.pl\/index.php\/start\/\",\"name\":\"Wspieram KPS - &quot;Siatk\u00f3wka mieszka w Nowej D\u0119bie &quot;\",\"isPartOf\":{\"@id\":\"https:\/\/kpsnowadeba.pl\/#website\"},\"primaryImageOfPage\":{\"@id\":\"https:\/\/kpsnowadeba.pl\/index.php\/start\/#primaryimage\"},\"image\":{\"@id\":\"https:\/\/kpsnowadeba.pl\/index.php\/start\/#primaryimage\"},\"thumbnailUrl\":\"https:\/\/kpsnowadeba.pl\/wp-content\/uploads\/2025\/09\/qr-code-darowizna-100-.png\",\"datePublished\":\"2018-08-18T20:52:07+00:00\",\"dateModified\":\"2025-09-09T13:34:34+00:00\",\"breadcrumb\":{\"@id\":\"https:\/\/kpsnowadeba.pl\/index.php\/start\/#breadcrumb\"},\"inLanguage\":\"pl-PL\",\"potentialAction\":[{\"@type\":\"ReadAction\",\"target\":[\"https:\/\/kpsnowadeba.pl\/index.php\/start\/\"]}]},{\"@type\":\"ImageObject\",\"inLanguage\":\"pl-PL\",\"@id\":\"https:\/\/kpsnowadeba.pl\/index.php\/start\/#primaryimage\",\"url\":\"https:\/\/i0.wp.com\/kpsnowadeba.pl\/wp-content\/uploads\/2025\/09\/qr-code-darowizna-100-.png?fit=180%2C180&ssl=1\",\"contentUrl\":\"https:\/\/i0.wp.com\/kpsnowadeba.pl\/wp-content\/uploads\/2025\/09\/qr-code-darowizna-100-.png?fit=180%2C180&ssl=1\",\"width\":180,\"height\":180},{\"@type\":\"BreadcrumbList\",\"@id\":\"https:\/\/kpsnowadeba.pl\/index.php\/start\/#breadcrumb\",\"itemListElement\":[{\"@type\":\"ListItem\",\"position\":1,\"name\":\"Strona g\u0142\u00f3wna\",\"item\":\"https:\/\/kpsnowadeba.pl\/\"},{\"@type\":\"ListItem\",\"position\":2,\"name\":\"Wspieram KPS\"}]},{\"@type\":\"WebSite\",\"@id\":\"https:\/\/kpsnowadeba.pl\/#website\",\"url\":\"https:\/\/kpsnowadeba.pl\/\",\"name\":\"&quot;Siatk\u00f3wka mieszka w Nowej D\u0119bie &quot;\",\"description\":\"ul.Le\u015bna 40 39-460 Nowa D\u0119ba\",\"potentialAction\":[{\"@type\":\"SearchAction\",\"target\":{\"@type\":\"EntryPoint\",\"urlTemplate\":\"https:\/\/kpsnowadeba.pl\/?s={search_term_string}\"},\"query-input\":{\"@type\":\"PropertyValueSpecification\",\"valueRequired\":true,\"valueName\":\"search_term_string\"}}],\"inLanguage\":\"pl-PL\"}]}<\/script>\n<!-- \/ Yoast SEO plugin. -->","yoast_head_json":{"title":"Wspieram KPS - &quot;Siatk\u00f3wka mieszka w Nowej D\u0119bie &quot;","robots":{"index":"index","follow":"follow","max-snippet":"max-snippet:-1","max-image-preview":"max-image-preview:large","max-video-preview":"max-video-preview:-1"},"canonical":"https:\/\/kpsnowadeba.pl\/index.php\/start\/","og_locale":"pl_PL","og_type":"article","og_title":"Wspieram KPS - &quot;Siatk\u00f3wka mieszka w Nowej D\u0119bie &quot;","og_description":"Je\u017celi chc\u0105 Pa\u0144stwo wspom\u00f3c finansowo nasze dzia\u0142ania i zawodniczki trenuj\u0105ce pi\u0142k\u0119 siatkow\u0105 mo\u017cna dokona\u0107 przelewu lub wp\u0142aty na konto Klubu Pi\u0142ki Siatkowej: \u00a0 Bank BNP Paribas SA Oddzia\u0142 w Tarnobrzegu : konto nr 81 2030 0045 1110 0000 0413 6570 &hellip; Czytaj dalej &rarr;","og_url":"https:\/\/kpsnowadeba.pl\/index.php\/start\/","og_site_name":"&quot;Siatk\u00f3wka mieszka w Nowej D\u0119bie &quot;","article_modified_time":"2025-09-09T13:34:34+00:00","og_image":[{"url":"https:\/\/kpsnowadeba.pl\/wp-content\/uploads\/2025\/09\/qr-code-darowizna-100-.png","type":"","width":"","height":""}],"twitter_card":"summary_large_image","twitter_misc":{"Szacowany czas czytania":"1 minuta"},"schema":{"@context":"https:\/\/schema.org","@graph":[{"@type":"WebPage","@id":"https:\/\/kpsnowadeba.pl\/index.php\/start\/","url":"https:\/\/kpsnowadeba.pl\/index.php\/start\/","name":"Wspieram KPS - &quot;Siatk\u00f3wka mieszka w Nowej D\u0119bie &quot;","isPartOf":{"@id":"https:\/\/kpsnowadeba.pl\/#website"},"primaryImageOfPage":{"@id":"https:\/\/kpsnowadeba.pl\/index.php\/start\/#primaryimage"},"image":{"@id":"https:\/\/kpsnowadeba.pl\/index.php\/start\/#primaryimage"},"thumbnailUrl":"https:\/\/kpsnowadeba.pl\/wp-content\/uploads\/2025\/09\/qr-code-darowizna-100-.png","datePublished":"2018-08-18T20:52:07+00:00","dateModified":"2025-09-09T13:34:34+00:00","breadcrumb":{"@id":"https:\/\/kpsnowadeba.pl\/index.php\/start\/#breadcrumb"},"inLanguage":"pl-PL","potentialAction":[{"@type":"ReadAction","target":["https:\/\/kpsnowadeba.pl\/index.php\/start\/"]}]},{"@type":"ImageObject","inLanguage":"pl-PL","@id":"https:\/\/kpsnowadeba.pl\/index.php\/start\/#primaryimage","url":"https:\/\/i0.wp.com\/kpsnowadeba.pl\/wp-content\/uploads\/2025\/09\/qr-code-darowizna-100-.png?fit=180%2C180&ssl=1","contentUrl":"https:\/\/i0.wp.com\/kpsnowadeba.pl\/wp-content\/uploads\/2025\/09\/qr-code-darowizna-100-.png?fit=180%2C180&ssl=1","width":180,"height":180},{"@type":"BreadcrumbList","@id":"https:\/\/kpsnowadeba.pl\/index.php\/start\/#breadcrumb","itemListElement":[{"@type":"ListItem","position":1,"name":"Strona g\u0142\u00f3wna","item":"https:\/\/kpsnowadeba.pl\/"},{"@type":"ListItem","position":2,"name":"Wspieram KPS"}]},{"@type":"WebSite","@id":"https:\/\/kpsnowadeba.pl\/#website","url":"https:\/\/kpsnowadeba.pl\/","name":"&quot;Siatk\u00f3wka mieszka w Nowej D\u0119bie &quot;","description":"ul.Le\u015bna 40 39-460 Nowa D\u0119ba","potentialAction":[{"@type":"SearchAction","target":{"@type":"EntryPoint","urlTemplate":"https:\/\/kpsnowadeba.pl\/?s={search_term_string}"},"query-input":{"@type":"PropertyValueSpecification","valueRequired":true,"valueName":"search_term_string"}}],"inLanguage":"pl-PL"}]}},"jetpack_sharing_enabled":true,"jetpack_shortlink":"https:\/\/wp.me\/PabDgJ-5D","jetpack-related-posts":[{"id":2295,"url":"https:\/\/kpsnowadeba.pl\/index.php\/skladki-czlonkowskie\/","url_meta":{"origin":349,"position":0},"title":"Sk\u0142adki cz\u0142onkowskie","author":"Jacek","date":"26 sierpnia 2022","format":false,"excerpt":"Roczna sk\u0142adka cz\u0142onkowska wynosi 100,00 z\u0142 - p\u0142atna do 15 sierpnia ka\u017cdego roku. Konto Klubu Pi\u0142ki Siatkowej: \u00a0 Bank BNP Paribas SA Oddzia\u0142 w Tarnobrzegu : konto nr 81 2030 0045 1110 0000 0413 6570 \u00a0 W tytule przelewu nale\u017cy wpisa\u0107: Sk\u0142adka cz\u0142onkowska imi\u0119 i nazwisko zawodniczki. \u00a0 Poni\u017cej szybka\u2026","rel":"","context":"Podobny wpis","block_context":{"text":"Podobny wpis","link":""},"img":{"alt_text":"","src":"https:\/\/i0.wp.com\/kpsnowadeba.pl\/wp-content\/uploads\/2022\/08\/4935_2-300x300.jpg?resize=350%2C200","width":350,"height":200},"classes":[]},{"id":726,"url":"https:\/\/kpsnowadeba.pl\/index.php\/polityka-prywatnosci-2\/","url_meta":{"origin":349,"position":1},"title":"Polityka prywatno\u015bci","author":"Jacek","date":"30 sierpnia 2018","format":false,"excerpt":"Kim jeste\u015bmy Adres naszej strony internetowej to: http:\/\/kpsnowadeba.pl. Jakie dane osobiste zbieramy i dlaczego je zbieramy Komentarze Kiedy odwiedzaj\u0105cy witryn\u0119 zostawia komentarz, zbieramy dane widoczne w formularzu komentowania, jak i adres IP odwiedzaj\u0105cego oraz podpis jego przegl\u0105darki jako pomoc przy wykrywaniu spamu. Zanonimizowany ci\u0105g znak\u00f3w stworzony na podstawie twojego adresu\u2026","rel":"","context":"Podobny wpis","block_context":{"text":"Podobny wpis","link":""},"img":{"alt_text":"","src":"","width":0,"height":0},"classes":[]},{"id":164,"url":"https:\/\/kpsnowadeba.pl\/index.php\/biznes-dla-kibicow\/","url_meta":{"origin":349,"position":2},"title":"Biznes dla kibic\u00f3w","author":"Jacek","date":"14 sierpnia 2018","format":false,"excerpt":"<center><img style=\\\"margin: 0px;\\\" src=\\\"images\/busexpress.jpg\\\" alt=\\\"\\\" width=\\\"180\\\" height=\\\"72\\\" align=\\\"\\\" \/><img style=\\\"margin: 2px;\\\" src=\\\"images\/logo-sanfarm-corel-9.png\\\" alt=\\\"\\\" width=\\\"360\\\" height=\\\"72\\\" align=\\\"\\\" \/><img style=\\\"margin: 2px;\\\" src=\\\"images\/zakladprodukcjiwody.gif\\\" alt=\\\"\\\" width=\\\"320\\\" height=\\\"72\\\" align=\\\"\\\" \/><br><img style=\\\"margin: 2px;\\\" src=\\\"images\/atas1.jpg\\\" alt=\\\"\\\" width=\\\"240\\\" height=\\\"72\\\" align=\\\"\\\" \/><img style=\\\"margin: 2px;\\\" src=\\\"images\/zmitek_-_logo.jpg\\\" alt=\\\"\\\" width=\\\"240\\\" height=\\\"72\\\" align=\\\"\\\" \/><img style=\\\"margin: 2px;\\\" src=\\\"images\/mt.jpg\\\" alt=\\\"\\\" width=\\\"240\\\" height=\\\"72\\\" align=\\\"\\\" \/><br><img style=\\\"margin:\u2026","rel":"","context":"Podobny wpis","block_context":{"text":"Podobny wpis","link":""},"img":{"alt_text":"","src":"","width":0,"height":0},"classes":[]},{"id":1259,"url":"https:\/\/kpsnowadeba.pl\/index.php\/sprawozdania-komisji-rewizyjnej\/","url_meta":{"origin":349,"position":3},"title":"Sprawozdania Komisji Rewizyjnej","author":"Jacek","date":"4 grudnia 2018","format":false,"excerpt":"Sprawozdanie Komisji Rewizyjnej Klubu Pi\u0142ki Siatkowej w Nowej D\u0119biena Walne Zebranie Sprawozdawczo-Wyborcze zwo\u0142ane na dzie\u014406 grudnia 2018 r.Komisja Rewizyjna w ko\u0144cz\u0105cej si\u0119 kadencji pracowa\u0142a w sk\u0142adzie:Wies\u0142aw Kalicki \u2013 przewodnicz\u0105cyHanna Sobieszek \u2013 cz\u0142onekAntonii Majowicz - cz\u0142onekW latach 2013-2018 przedstawiciele Komisji Rewizyjnej mieli mo\u017cliwo\u015b\u0107 brania udzia\u0142u w posiedzeniach Zarz\u0105du Klubu dzi\u0119ki czemu\u2026","rel":"","context":"Podobny wpis","block_context":{"text":"Podobny wpis","link":""},"img":{"alt_text":"","src":"","width":0,"height":0},"classes":[]},{"id":1280,"url":"https:\/\/kpsnowadeba.pl\/index.php\/regulamin-obrad-walnego-zebrania-2018\/","url_meta":{"origin":349,"position":4},"title":"Regulaminy obrad Walnego Zebrania","author":"Jacek","date":"5 grudnia 2018","format":false,"excerpt":"Regulamin obrad Walnego Zebrania Sprawozdawczo-Wyborczego Cz\u0142onk\u00f3w\u00a0Klubu Pi\u0142ki Siatkowej w Nowej D\u0119bie w dniu\u00a06 grudnia 2018 r.\u00a0 I.Przepisy og\u00f3lne 1 Walne Zebranie Cz\u0142onk\u00f3w Klubu Pi\u0142ki Siatkowej zwane dalej Zebraniem jest najwy\u017cszym organem Klubu. Walne Zebranie obraduje i dzia\u0142a zgodnie z ustaw\u0105 o stowarzyszeniach, statutem Klubu, niniejszym regulaminem oraz zgodnie z porz\u0105dkiem\u2026","rel":"","context":"Podobny wpis","block_context":{"text":"Podobny wpis","link":""},"img":{"alt_text":"","src":"https:\/\/i0.wp.com\/kpsnowadeba.pl\/wp-content\/uploads\/2022\/08\/4935_2-300x300.jpg?resize=350%2C200&ssl=1","width":350,"height":200},"classes":[]},{"id":172,"url":"https:\/\/kpsnowadeba.pl\/index.php\/festiwale-minisiatkowki\/","url_meta":{"origin":349,"position":5},"title":"Festiwale Minisiatk\u00f3wki","author":"Jacek","date":"14 sierpnia 2018","format":false,"excerpt":"<p> <p> <div><span style=\\\"color: #000000;\\\"> <p><span style=\\\"font-size: 10pt;\\\">Festiwale Mini Siatk&oacute;wki:<\/span><\/p> <\/span><\/div> <\/p> <\/p> <p><span style=\\\"color: #000000;\\\"> <p> <div><span style=\\\"font-size: 10pt;\\\">&gt;&gt;&gt; <span style=\\\"color: #008000;\\\"><span style=\\\"font-size: 10pt;\\\"><a href=\\\"viewpage.php?page_id=20\\\"><em><span style=\\\"text-decoration: underline;\\\">I Gminny Festiwal Mini Siatk&oacute;wki<\/span><\/em><\/a>&nbsp;<span style=\\\"color: #000000;\\\">&lt;&lt;&lt;<\/span><\/span><br \/><\/span><br \/>&gt;&gt;&gt; <span style=\\\"color: #008000;\\\"><span style=\\\"font-size: 10pt;\\\"><a href=\\\"viewpage.php?page_id=13\\\"><em><span style=\\\"text-decoration: underline;\\\">II Gminny Festiwal Mini Siatk&oacute;wki<\/span><\/em><\/a>&nbsp;<span style=\\\"color: #000000;\\\">&lt;&lt;&lt;<\/span><\/span><\/span><\/span><\/div>\u2026","rel":"","context":"Podobny wpis","block_context":{"text":"Podobny wpis","link":""},"img":{"alt_text":"","src":"","width":0,"height":0},"classes":[]}],"jetpack_likes_enabled":true,"_links":{"self":[{"href":"https:\/\/kpsnowadeba.pl\/index.php\/wp-json\/wp\/v2\/pages\/349","targetHints":{"allow":["GET"]}}],"collection":[{"href":"https:\/\/kpsnowadeba.pl\/index.php\/wp-json\/wp\/v2\/pages"}],"about":[{"href":"https:\/\/kpsnowadeba.pl\/index.php\/wp-json\/wp\/v2\/types\/page"}],"author":[{"embeddable":true,"href":"https:\/\/kpsnowadeba.pl\/index.php\/wp-json\/wp\/v2\/users\/1"}],"replies":[{"embeddable":true,"href":"https:\/\/kpsnowadeba.pl\/index.php\/wp-json\/wp\/v2\/comments?post=349"}],"version-history":[{"count":71,"href":"https:\/\/kpsnowadeba.pl\/index.php\/wp-json\/wp\/v2\/pages\/349\/revisions"}],"predecessor-version":[{"id":3481,"href":"https:\/\/kpsnowadeba.pl\/index.php\/wp-json\/wp\/v2\/pages\/349\/revisions\/3481"}],"wp:attachment":[{"href":"https:\/\/kpsnowadeba.pl\/index.php\/wp-json\/wp\/v2\/media?parent=349"}],"curies":[{"name":"wp","href":"https:\/\/api.w.org\/{rel}","templated":true}]}}